+ 142. What are the prime factors of h?
3, 5, 7
What are the prime factors of 92*1890/(-20)*3/(-18)?
3, 7, 23
Let b be (-12)/(2 - 1/2). Let a = b + 8. Suppose a = u - 1 - 5. List the prime factors of u.
2, 3
Suppose -13 = 4*i - 69. Let n be (-7)/i*0/(-2). Suppose -4*a + 36 + 56 = n. What are the prime factors of a?
23
Let a(z) = 4*z**3 - 3*z**2 - 3*z + 4. Let y be a(-2). Let m = y + 83. List the prime factors of m.
7
Suppose -3*d + 1161 = -4*o + 5*o, -3*o = 2*d - 781. List the prime factors of d.
2, 193
Let a(f) = 6 + 6*f - f + 0 + 4*f**2 - f**3. Let o(m) = -5*m - 10. Let t be o(-3). List the prime factors of a(t).
2, 3
Let q be 5/(-2)*(-16)/10 + 2. Suppose 5 = -5*w, -t + 5*w = -q*t + 250. List the prime factors of t.
3, 17
Suppose -2*x - 15*x = -8806. What are the prime factors of x?
2, 7, 37
Suppose -4*o - 5 = -25. Let k(b) = 3*b**2 - 5*b + 6. Let j be k(o). Suppose -6*i = -j - 4. List the prime factors of i.
2, 5
Suppose 28*x - 38*x = -860. What are the prime factors of x?
2, 43
Let a(c) = 17*c**2 + 10*c - 14. What are the prime factors of a(4)?
2, 149
Suppose -1 + 5 = -h. Let m(g) be the third derivative of g**6/120 + g**5/15 - g**4/6 + g**3/3 + 3*g**2. What are the prime factors of m(h)?
2, 3
Suppose -u - 5008 = -5*z, -5*z + 5020 = -3*u + 8*u. List the prime factors of z.
2, 3, 167
List the prime factors of ((-10)/50)/(-1) - 95896/(-20).
5, 7, 137
What are the prime factors of ((-28)/12 - 0) + (-49548)/(-36)?
2, 3, 229
Let a be (0 - (-4 + 1))*9. Let d = 47 - a. Let v = -15 + d. What are the prime factors of v?
5
Suppose 5*c = 1096 + 2319. List the prime factors of c.
683
Let l(p) = 11*p**3 - 2*p**2 + 1. Let q(c) = -23*c**3 + 5*c**2 - 3. Let o(x) = 5*l(x) + 2*q(x). Let t be o(1). List the prime factors of (14 + 1)*(t - 7).
3, 5
Suppose -3580 - 8015 = -15*r. What are the prime factors of r?
773
Suppose -12*x - 2 = -14*x, 5*j = 4*x + 2981. What are the prime factors of j?
3, 199
Suppose 622 = 6*i - 848. What are the prime factors of i?
5, 7
List the prime factors of 14/4*1273360/770.
2, 1447
Let b = -8 - -12. Let r be 3/6*-2 + b. Suppose y - 3 = r*q, 3*q - 34 = -4*y + 4*q. List the prime factors of y.
3
Suppose -3*h = -12, 31*h = 5*z + 28*h - 4593. What are the prime factors of z?
3, 307
Let q(g) = g**3 - 11*g**2 + 6*g - 12. Let v be q(11). Suppose 729 + v = -3*d. List the prime factors of 2/8 + d/(-12).
2, 11
Let n(w) be the first derivative of -4*w**2 - w - 4. Let c be n(3). What are the prime factors of (-30)/(-135) + c/(-9)?
3
Suppose -19*j + 12*j = -1421. List the prime factors of j.
7, 29
Let l(i) = -3*i - 13. Let o be l(16). List the prime factors of (o + 15)*(-2 + 1).
2, 23
Let p(i) = i**2 + 8*i - 5. Let t(x) = -4*x - 1. Let c be t(-2). Let m(q) = -q**2 - 9*q + 6. Let s(b) = c*p(b) + 6*m(b). What are the prime factors of s(-6)?
5
Let k(a) = -a**3 - 2*a**2 - 9*a + 45. List the prime factors of k(-11).
3, 137
Let k be 4/8 + 35/(-10). Let h(s) = -s**2 - 2*s + 6. What are the prime factors of h(k)?
3
Let b(h) = -h**3 + 11*h**2 - 2*h - 18. Suppose 2*p + 22 = 38. List the prime factors of b(p).
2, 79
Suppose d - 2 + 0 = 0. Suppose d*u - 2*a = -2*u + 8, 0 = 5*a - 20. Suppose -20 = -u*r + 3*r. What are the prime factors of r?
2, 5
Let r = 718 - 227. What are the prime factors of r?
491
Let w(n) = n**2 - 15*n - 4. Let b be w(15). Let r be (22 + b)*4/(-6). List the prime factors of (5/3)/(r/(-180)).
5
Suppose 0 = -y + 4*j + 675, 7*j - 1298 = -2*y + 2*j. List the prime factors of y.
659
Let s(f) = 5*f**2 - 37*f - 284. What are the prime factors of s(-29)?
2, 11, 227
Suppose -3*w + 15 = 5*v - 2*v, -4*v = 2*w - 14. Suppose 3*r = -i + 57 + 113, -r = -v*i + 368. List the prime factors of i.
2, 7, 13
Let a be 186 + 5 + -5 + -5. Let g be 6/(-10) - 1746/15. Let j = a + g. What are the prime factors of j?
2
Suppose 3*f = 3*i - 6795, 4*i - 5*f - 4524 = 2*i. What are the prime factors of i?
2267
What are the prime factors of (-2)/(-15) + ((-97531)/(-105))/1?
929
Suppose -3*c + 475 = v - 5*v, 2*c - 325 = v. Suppose -4*o = -3*i - 390, c + 37 = 2*o - 5*i. List the prime factors of o.
2, 3
Suppose 3*v - 3*x - 9 = 0, 2 = -4*x - 2. Suppose 0 = 4*m - 16. Suppose 2*o - m*k = 54, -5*o - v*k - k = -109. What are the prime factors of o?
23
Let d(h) = 7*h**2 + 3*h + 41. What are the prime factors of d(6)?
311
What are the prime factors of (16 - 0)*21/112*52?
2, 3, 13
Let d be (-4)/12 + (-7)/(-3). Suppose -53 = d*w + 185. What are the prime factors of (-26)/(-7) - 34/w?
2
Let r(n) = 211*n**2 - 45*n - 2. What are the prime factors of r(3)?
2, 881
Let o = 106 - 109. Let v be (-4)/14 + (-318)/14. Let p = o - v. What are the prime factors of p?
2, 5
Suppose 5*m + 22*t - 17*t - 3935 = 0, -2*m + 1576 = 4*t. List the prime factors of m.
2, 3, 131
Suppose -y + 6*c - 3*c = -468, 0 = 2*y - 4*c - 936. Let x = 4 - -2. List the prime factors of ((-2)/x)/((-6)/y).
2, 13
Let r be (-6)/(-15) - (-13)/5. Suppose 94 = q + 4*d, r*d = -5*q + 8*d + 595. What are the prime factors of q?
2, 3, 19
Suppose 3*i = 8309 - 422. What are the prime factors of i?
11, 239
Let y(z) = -z**3 - 45*z**2 - 42*z - 315. List the prime factors of y(-45).
3, 5, 7
Let s = 2697 + -1405. List the prime factors of s.
2, 17, 19
Suppose 0 = -3*c + v + 1602, 5 = -3*v + 14. What are the prime factors of c?
5, 107
Suppose 3*g = 4*g - 4559. What are the prime factors of g?
47, 97
Let t = 1317 - 334. What are the prime factors of t?
983
Suppose 6*q - 1118 = -314. List the prime factors of q.
2, 67
Let m = -175 - -232. What are the prime factors of m?
3, 19
Suppose i = 2*i - 3*s + 8, 5*i - 2*s - 12 = 0. Suppose -42 = -q + u - 10, -25 = -5*u. Suppose 2*n + i*c = 42, 3*c - c + q = n. What are the prime factors of n?
29
Suppose -2*k = -15 - 5. Let y be (-1)/(-2) - k/(-4). List the prime factors of (8/(-5))/(y/(-30)).
2
Let i = -455 + 2489. What are the prime factors of i?
2, 3, 113
Let h = -3 + 4. Let o(p) = 31*p - 2. Let g(a) = 16*a - 1. Let i(z) = 5*g(z) - 2*o(z). What are the prime factors of i(h)?
17
Suppose 0 = 13*u - 16*u + 840. List the prime factors of u.
2, 5, 7
Let i(g) be the first derivative of 251*g**4/4 + 2*g**3/3 - 5*g**2/2 + 4*g + 18. What are the prime factors of i(1)?
2, 3, 7
Let a(m) = -2*m + 9. Let s be a(-1). Suppose s*u - 665 = 677. List the prime factors of u.
2, 61
Let k(h) = -22 + 5*h**2 + 0*h + 19 + 2*h. List the prime factors of k(-2).
13
Let g be 3/2 + 2*709/4. Suppose -4*w + 1072 - g = 3*p, 0 = -5*w - 5*p + 890. What are the prime factors of w?
2, 7, 13
Let s be (-9224)/(-24) - (-1)/(-3). Suppose 0 = 4*w - 36 - s. Let a = w - 61. What are the prime factors of a?
2, 11
Suppose 0 = -5*g + 2*g + 1164. List the prime factors of g.
2, 97
Let z = 3118 + -1989. List the prime factors of z.
1129
Let j be -3*(-4)/(-6) + 4. Let v(b) = 15*b + 2. Let o be v(j). Suppose 4*q - 5*n - 93 - o = 0, 5*q - 166 = 3*n. List the prime factors of q.
5, 7
Let r(m) = m**2 + 5*m + 9. Let o be r(-4). Suppose -3*a + 2 = -3*t - 28, -3*t = o*a - 34. List the prime factors of a.
2
Suppose -4*v + 2*v = 0. Suppose -y = -v*y. Suppose -5*t + 70 + 70 = y. What are the prime factors of t?
2, 7
Suppose 2477 - 437 = 8*z. List the prime factors of z.
3, 5, 17
Let m(l) be the second derivative of -2*l**2 + 5/4*l**4 + 1/20*l**5 + 0 + 2*l**3 - 2*l. What are the prime factors of m(-14)?
2, 3
Suppose -5*h + 3*o + 47 = 0, 0 = -3*h - 0*h - 3*o + 9. Let v = 18 - h. List the prime factors of v.
11
Let u = 5 + -1. Suppose x = -1 - u. Let s = x + 33. What are the prime factors of s?
2, 7
Suppose -w = r - 573, 578 = w + r + r. What are the prime factors of w?
2, 71
Suppose -14 + 2 = -3*f + 3*p, f + 3*p + 4 = 0. Suppose v + 8 = f*v - 2*a, a - 16 = -2*v. List the prime factors of v.
2
Let v be -12*(4 - 48/9). Suppose -8*w + 4*w + v = 0. List the prime factors of w.
2
Suppose -5*m + 15626 = 5*o + 2356, -7934 = -3*m + 4*o. List the prime factors of m.
2, 5, 53
Suppose 4*p = 5*p - 3. Suppose -5*s - d = -377, d - 221 = -3*s + p*d. List the prime factors of s.
3, 5
Let s be 3 - (9 + 3)/(-3). Suppose -78 = f - s*f. Suppose f - 43 = -c. List the prime factors of c.
2, 3, 5
List the prime factors of (-8*27/126)/((-4)/1834).
2, 3, 131
Suppose 4*n + 2*w = 5*w + 2904, -5*w = -n + 743. List the prime factors of n.
3, 241
Suppose -31 = -3*p + 2*p. Let d be p